
2
Let q be 72/(-33) - (144/(-66) - -2). Let k be 1*-3*(-1)/(-3). What is the units digit of 2 - q - (-4 + k)?
9
Suppose 5*o + 43 = 8. Let u = o + 10. Let x = 28 - u. What is the units digit of x?
5
Suppose 0 = 4*b - w - 1919, -130*w + 135*w + 15 = 0. What is the hundreds digit of b?
4
Suppose -2*t = 5*o - 26, t = 4*o + o - 17. Suppose -d - t*d = 0. Suppose 5*l = -d*l + 115. What is the units digit of l?
3
Let s = -3 - -3. Suppose 4*r = 4*w - 1 + 17, s = -3*w + r - 6. Let v = w - -5. What is the units digit of v?
4
Let r = -212 + 569. What is the units digit of r?
7
Let b(k) = 7 + 2*k**2 - 10*k**2 - k**3 + k**2 - 5*k. Suppose -p - 6 = -0*p. What is the units digit of b(p)?
1
Suppose 3*s + 10 = 4*y - 28, -s + 4*y - 10 = 0. Let b = s + 16. Suppose -18 = -m + b. What is the units digit of m?
0
Suppose -3*y = y. Let g be y/(-2*(0 + -1)). Suppose 2*q + q + 2*u - 7 = 0, -4*q - 3*u + 9 = g. What is the units digit of q?
3
Let n be (-2)/(-2)*(-7 - -8). What is the units digit of 3/18*-3*n*-2?
1
Let i(z) = -z**3 - 12*z**2 - 12*z - 9. Let c be 18/126 - 78/7. Let w be i(c). What is the units digit of ((-4)/8)/(w/(-236))?
9
Let o = -17 - -22. Let v(w) = -14*w + 1. Let g be v(-1). Suppose -o*z = -0*z - g. What is the units digit of z?
3
Let y = -175 + 876. What is the hundreds digit of y?
7
Let r = -9 + 15. Suppose 3*q - 19 = -s, -r*s + s + 45 = 5*q. What is the units digit of q?
5
Suppose 0 = 4*q - 5*t - 1075, -3*t + 2*t - 3 = 0. What is the units digit of q?
5
Let g be (-1533)/(-14) + (-3)/2. Let o = 185 - g. What is the tens digit of o?
7
Let y(p) be the third derivative of p**4/3 - 2*p**3/3 + p**2. Let r be y(6). What is the units digit of (-4)/(-6) - r/(-6)?
8
What is the tens digit of (1/6 - (-407)/222)*151?
0
Let a(x) be the first derivative of -x**4/4 + 13*x**3/3 - 15*x**2/2 - 12*x - 36. What is the hundreds digit of a(9)?
1
Let f(q) = q**2 + 10*q - 14. Let k = -46 - -30. What is the units digit of f(k)?
2
Suppose -9*c + 84 = -5*c. Suppose 57 = q + c. What is the units digit of q?
6
Let z = 782 - -1605. What is the tens digit of z?
8
Suppose -5*l = 5 - 30, 10616 = 2*x - 2*l. What is the thousands digit of x?
5
Suppose -22 = -2*i + i. Let t be i/(-77) + 37/7. Suppose 3*h = -q + 35, 13 + t = 2*h - 2*q. What is the tens digit of h?
1
Let p = -370 + 628. What is the units digit of p?
8
Let m(y) = 3*y + 39. Let r be m(-12). Suppose 26 = r*b - 25. What is the tens digit of b?
1
Let t = 104 + -87. Let k(j) = -j**3 + 16*j**2 + 21*j + 26. What is the units digit of k(t)?
4
Let l be 2 + 104/(-40) - 54/10. Let n(c) = -13*c - 18. What is the tens digit of n(l)?
6
Suppose 3*m = v - 17, -46 - 3 = -5*v + 3*m. What is the units digit of (v + 4)/3 + 103?
7
Suppose 3560 = 8*s - 4*s. Suppose s = -3*a + 13*a. What is the units digit of a?
9
Suppose 6 = 5*s - 9. Suppose m - s = -0*m. Suppose -2*a + 15 = -m. What is the units digit of a?
9
Let c = -56 - -99. Suppose p - c = 7*b - 2*b, -5*p = 5*b - 335. What is the units digit of p?
3
Let v(a) = 111*a - 38. What is the hundreds digit of v(2)?
1
Suppose 2*p = 4*p - 10. Suppose 3*t + 3*i - 157 = 17, 5*i + 58 = t. Suppose 39 = 3*l + 3*k, -l + p*l = -k + t. What is the tens digit of l?
1
Let w be (-8)/(-1 - 1) - 1. Suppose g + 0*l - 20 = w*l, 0 = -5*l - 20. What is the units digit of g?
8
What is the hundreds digit of (-9)/(7 - -2)*-981?
9
Let p(q) = q**3 - 21*q**2 + 25*q + 24. Let g(f) = f**3 - 21*f**2 + 24*f + 25. Let u(y) = 3*g(y) - 2*p(y). What is the units digit of u(20)?
7
Suppose -l = 412 - 1020. What is the units digit of l?
8
Suppose -25300 = -273*x + 251*x. What is the hundreds digit of x?
1
What is the tens digit of 1 - -2 - (-668 - 78)?
4
Let q(d) = 36*d - 20. Let s be q(8). Let o = s + -183. What is the tens digit of o?
8
Suppose -11 = 4*z - 55. Suppose -z - 14 = 5*w, -4*w = 5*y - 420. What is the units digit of y?
8
Let n(s) = 5*s**2. Suppose 0 = 4*c - c + a - 10, 5*c - 20 = -a. Suppose c*g + 0 = 5*u + 10, 2*u = 3*g - 3. What is the units digit of n(g)?
5
Suppose 0 = -28*v + 39*v - 21637. What is the thousands digit of v?
1
Let t(x) = 142*x**2 - 18*x + 82. What is the units digit of t(4)?
2
Let y(k) = k + 20. Let n be y(-18). Let u be n/((-6)/27*-3). Suppose 34 = u*t - 50. What is the units digit of t?
8
Let r be -2 - (3 - 0 - (7 - -2)). Suppose 0 = -3*b + 2*u - 7*u + 50, 0 = -r*b - 3*u + 74. What is the tens digit of b?
2
Let j be -1 - 1 - (-10 + 2). Let t(h) = h**3 - 7*h**2 + 8*h - 7. Let b be t(j). Suppose p = 4, -b*i - 2*p + 40 = 3*p. What is the units digit of i?
4
Suppose -5*r + 96 = d, -3*r - 3*d + 64 = -4*d. Suppose 1484 = -r*y + 27*y. What is the tens digit of y?
1
Suppose -3*u + 901 = -4*w - 1069, 1973 = 3*u - w. What is the units digit of u?
8
Let h(l) = 46*l + 24. Let p be h(16). Suppose -17*i - p = -22*i. What is the units digit of i?
2
Let z be 3 + 4/(16/12). Suppose i + 5 = z*i. What is the units digit of 1/(i/(-10)*-2)?
5
Let o(f) = -7*f**2 + 16*f + 10. Let u(i) = 2*i**2 - 5*i - 3. Let r(h) = -4*o(h) - 11*u(h). What is the tens digit of r(5)?
9
Let i(c) = -8*c**2 + 28*c + 5. Suppose l - 2*l + 9 = 0. Let w(q) = 2*q**2 - 7*q - 1. Let t(z) = l*w(z) + 2*i(z). What is the tens digit of t(5)?
1
Suppose 17*s + 3734 - 32328 = 0. What is the thousands digit of s?
1
Let s = -343 + 1250. What is the hundreds digit of s?
9
Let r = 1862 - 555. What is the hundreds digit of r?
3
Let y be (8/(-20))/(6/(-15)). What is the tens digit of (12/(-6)*y)/(1/(-122))?
4
Suppose 0 = 2*c - 22*p + 18*p - 20, -4*p - 68 = -5*c. Suppose 11 = -2*x + 49. Suppose 17*o = x*o - c. What is the units digit of o?
8
Suppose 0 = 5*m + 2*c - 18, 4*c = -2*m + 3*m - 8. Suppose 7*w - 8*w = -2*s - 158, -628 = -4*w + m*s. What is the hundreds digit of w?
1
What is the units digit of 32574/26 - 42/(-273)?
3
Let t(d) = -7 + 5*d - d - 2 - 6*d. Let y be t(-6). Suppose h + 32 = y*h. What is the tens digit of h?
1
Let a(x) = -x**2 + 4. Let j be a(0). Suppose j*d = 5*d - 4. What is the tens digit of 2*(-6)/d + 22?
1
Suppose 0 = 4*c + 4*y + 1 - 9, -3*c + 5*y - 18 = 0. Let g(r) = -66*r**3 + 2*r**2 + r. What is the tens digit of g(c)?
6
Let s be (-8)/28 + 0 + 1938/21. Let m = s - 48. What is the tens digit of m?
4
Let m = 944 + -466. What is the tens digit of m?
7
Suppose -3*a = -h + 389, -16*h + 13*h - 4*a = -1232. What is the tens digit of h?
0
What is the thousands digit of 4127 - (-4 - 0)/(4/(-8))?
4
Let l(p) = 3*p**3 - 37*p**2 + 36*p + 28. What is the tens digit of l(16)?
2
What is the tens digit of ((-9)/4)/((-33)/1408)?
9
Let m be 612*(-2)/(-4 + 0). What is the units digit of (m/4)/((-1)/(-2))?
3
Let t be -1*4 - (-7 - 1). Suppose -i = -j + i + 37, 3*i = -t*j + 203. What is the units digit of j?
7
Suppose -5*c + 40 = o, 2*o - 55 = -c - 4*c. Suppose 10 = -2*v - 0. Let a = v + o. What is the units digit of a?
0
Suppose -i + 3*x = -1538, -14*x = -18*x - 20. What is the tens digit of i?
2
Let y(r) be the third derivative of 5*r**4/12 - 2*r**3/3 + r**2. What is the units digit of y(6)?
6
Let p(s) = 2*s + 3 - 16*s + 25*s. Let k be 6/21 - 33/(-7). What is the units digit of p(k)?
8
Let t(g) = 23*g**2 - 2*g - 1. Let i = 0 + 1. Suppose 0*w + w + i = 0. What is the tens digit of t(w)?
2
What is the tens digit of (-715)/22*(-40)/5?
6
Suppose 0 = -2*b, 4*u + 3*b = u - 3. Let k be -2 - -1*(-4)/u. Suppose 0 = k*a - 3*a + 8. What is the units digit of a?
8
Suppose -2*f + 17472 = 14*f. What is the thousands digit of f?
1
Suppose -10*c + 17*c = 1099. What is the units digit of c?
7
Suppose 0 = 5*j + 3*l - 4*l - 163, 3*j = -4*l + 107. Let f = 12 - j. Let z = 48 + f. What is the tens digit of z?
2
Suppose k - 48 - 12 = 0. Let i = 137 - k. What is the tens digit of i?
7
Let s = -26 - -29. Suppose 642 = 5*x + 8*v - 11*v, s*v = -3*x + 366. What is the units digit of x?
6
Let u be (-72 - (-2 + 1))*-2. Suppose 3*h + 177 = -3*r, -6*r = -2*h - 2*r - u. What is the units digit of (h/(-5))/((-27)/(-90))?
2
Let t be (-3)/(-3 - (-16)/6). Let a(i) = 5*i - 29. What is the units digit of a(t)?
6
What is the tens digit of ((-4 - -8) + -3)*348?
4
Suppose 79 = -4*z + 3*b - 8*b, -z - b = 19. Let f = 48 - z. What is the units digit of f?
4
Suppose 0 = -252*u + 259*u - 6958. What is the hundreds digit of u?
9
Suppose g + 309 = 2*g. Let m = -219 + g. Suppose -22 = 2*y + 4*z - m, 